f a?
2, 3, 23
Suppose -10*m + 5*m = 0. Suppose r + b + 1 = m, 2*b = 5*r - 2*b - 40. Let u(n) = n**3 - n**2 + 2*n - 9. List the prime factors of u(r).
47
What are the prime factors of (-7)/2*(-504)/588?
3
Let j = 27 + -21. Let l(u) = 2*u**2 - 4*u - 18. List the prime factors of l(j).
2, 3, 5
Let j(m) = 111*m**2 + 21*m - 58. List the prime factors of j(3).
2, 251
Let y = 1300 - 443. List the prime factors of y.
857
Let p(g) = g - 9 + g**2 + 8*g + 6. Let q be p(-9). List the prime factors of q/15*3*-5.
3
Let m = 38 - 28. Suppose -m*x = -15*x + 250. List the prime factors of x.
2, 5
Suppose c = 3*f - 6, 7 + 11 = 5*c - 3*f. Suppose 3*x = 4*x - 3, -2*z + 3*x - 15 = 0. Let i = c - z. What are the prime factors of i?
3
Let l(r) = -r**3 - r**2 + 2*r + 125. Suppose -i - 5 = 5*v, -v + 0*v - 5*i - 25 = 0. What are the prime factors of l(v)?
5
Let f = -5 + 10. Let d(t) = t**3 - 6*t**2 + 2*t + 4. Let n be d(f). Let h = n + 20. List the prime factors of h.
3
Suppose 0 = 5*p + 2*y - 2975, -2*y + 29 = -4*p + 2427. What are the prime factors of p?
3, 199
Suppose 0 = -7*s - 167 + 2036. Suppose 4*u + u - 4*y - 428 = 0, -s = -3*u - y. List the prime factors of u.
2, 11
Let p(q) = -156*q + 95. List the prime factors of p(-6).
1031
Suppose -2*u - 3 = 1. Let q = u + 31. Let a = 58 - q. List the prime factors of a.
29
Let k be 5/(-8) - (-6)/(-16). Let s(y) = 217*y**2 + 2*y + 1. List the prime factors of s(k).
2, 3
Let r = -3 - -8. Let x = r + -2. Suppose -5*j = -x*b - b + 55, 0 = b - 5*j - 10. What are the prime factors of b?
3, 5
Let n = 6580 - 1075. List the prime factors of n.
3, 5, 367
Suppose 4 = 8*t - 1212. What are the prime factors of t?
2, 19
Suppose -r = -4*r. Suppose 5*n - 10 = 2*o, 3*o = -r*o - 15. Suppose n = g + g, -2*g - 24 = -4*k. What are the prime factors of k?
2, 3
Suppose -10*y + 8*y + 4 = 0. Suppose 180 = y*u + 18. List the prime factors of u.
3
Let w = -53 - -53. Suppose -3*q + r = -r - 387, -3*q + 3*r + 387 = w. List the prime factors of q.
3, 43
Let o = -2 - -5. Suppose 0*k = k + o*z - 63, 0 = z - 4. Suppose -k - 90 = -3*p. What are the prime factors of p?
47
Suppose 1046 = 2*g - 300. List the prime factors of g.
673
Let x = 33 + -30. Suppose -2*y + 6*y = 376. Suppose -5 = -x*k + y. List the prime factors of k.
3, 11
Let n(a) = a**3 - 3*a**2 + 2*a - 2. Let g be n(3). Suppose x = 4*m - 88, m - g = x + 15. What are the prime factors of m?
23
Suppose -3*w - 2*w = 0. Suppose -2*v - 2*h + 106 = 0, 2*v - h - h - 86 = w. List the prime factors of v.
2, 3
Suppose -2*q - 2*z = -2578, z + 1755 = 4*q - 3376. What are the prime factors of q?
2, 3, 107
Let b = 4704 + -2224. What are the prime factors of b?
2, 5, 31
Let l(h) = -9*h**2 - 17*h + 3. Let d(a) = 5*a**2 + 9*a - 2. Let p(v) = -7*d(v) - 4*l(v). Let o be p(-3). What are the prime factors of (o/5)/(1/(-35))?
2, 7
Suppose 5*a + 124 - 386 = -f, 5*f - 1336 = a. What are the prime factors of f?
3, 89
Suppose 0 = -3*m - 14 - 7. Let b(i) be the third derivative of -i**4/8 - 5*i**3/6 - 15*i**2. List the prime factors of b(m).
2
Let q = 1472 - -794. List the prime factors of q.
2, 11, 103
Let j(l) = -2*l**2 + 122*l + 30. List the prime factors of j(33).
2, 3, 313
Let f be 882*4/(-2*4). Let t = -1008 - f. What are the prime factors of 2/(7/(t/(-6)))?
3
Let v(s) = 24*s + 6. Let a be v(5). Let k = -3 + 7. Suppose 2*b + k*i - 67 = b, 3*b - a = 3*i. What are the prime factors of b?
47
Suppose -5*g - 2000 = -10*g. List the prime factors of g.
2, 5
Suppose -b + 5*b - 600 = 3*j, 769 = -4*j - 5*b. Let z be 2/(8/j) + 0. Let m = 75 + z. What are the prime factors of m?
2, 13
Let a(l) = -2*l**3 - 7*l**2 - 16*l - 16. What are the prime factors of a(-9)?
1019
Suppose 116 = 2*f - 2*j, 4*j + 6 + 10 = 0. Let x = f - 22. Suppose 0 = -7*r + 5*r + x. List the prime factors of r.
2
Suppose b - 4*b + 3 = -u, -4*u - 57 = 3*b. Let n = u + 16. Suppose 0 = 4*s + 8 - n, 3*l = -2*s + 136. List the prime factors of l.
2, 23
Let b(z) = -2*z - 3. Let v be b(1). Let k(a) = a**2 + 8*a - 2. Let m be k(v). Let j = 10 - m. List the prime factors of j.
3
Let q be 2/(-21)*-3 + (-243)/(-7). Let z = -13 + q. What are the prime factors of z?
2, 11
Let l = -16 + 10. Let p = -6 - l. Suppose p = -c - t + 27, 0*c + 175 = 5*c - 5*t. List the prime factors of c.
31
Suppose -2*h = 8*h - 490. Suppose 0 = -2*x + h + 151. What are the prime factors of x?
2, 5
Suppose -k + 3 = -0*k, 4*k + 7 = x. Suppose y = -2*q + x, -q - 2*y + 8 = -3. List the prime factors of q.
3
Suppose -5*c = 2*c - 1575. Suppose 3*n + 21 = c. What are the prime factors of n?
2, 17
Let m(i) = -i**3 + 6*i**2 + 3*i + 2. Let j(d) = -7*d - 4. Let t be j(-4). Suppose -5*h - 5*y = -20, 3*h = y + 2*y + t. List the prime factors of m(h).
2, 5
Let a(w) = w**3 - 6*w**2 + 5*w - 26. Let o be a(6). Suppose 3*p - 2*m + 14 = o*p, -p - 4*m + 16 = 0. List the prime factors of p.
2, 3
Suppose 2*f - 5 = 3. Let k = f + -1. What are the prime factors of (-418)/(-77) + k/(-7)?
5
List the prime factors of 1/(3120/3115 - 1).
7, 89
Let a(j) = -j**3 - 7*j**2 - 4*j + 8. Let o be a(-6). Let t(z) = -z**3 - 2*z**2 - 3*z + 3. What are the prime factors of t(o)?
47
Let q(o) be the second derivative of 9*o**4/4 - 5*o**3/6 - 9*o**2/2 - 4*o. List the prime factors of q(-2).
109
Suppose 6*k - 2200 = -14*k. List the prime factors of k.
2, 5, 11
Let g be -27*(-5)/30*4/6. Suppose 3*u + 2*u + 2*b - 466 = 0, -g*b = -9. What are the prime factors of u?
2, 23
Let n be (-27 + 0)*6/(-18) + -3. Suppose -861 = -n*x - x. List the prime factors of x.
3, 41
Let p(k) be the third derivative of 0 + 5/24*k**4 + 1/60*k**5 - 5*k**2 - 1/120*k**6 + 0*k + 1/3*k**3. List the prime factors of p(-3).
23
List the prime factors of 5 - (-66)/(-12) - 230/(-4).
3, 19
Let z = 2178 + -1546. List the prime factors of z.
2, 79
Suppose 593 = 6*n - 463. What are the prime factors of n?
2, 11
Let g(f) = -2*f + 4 + 2 - 6*f + f - f**2. Let o be g(-7). What are the prime factors of (o + -8)/((-1)/7)?
2, 7
What are the prime factors of 48/(-456) + (-10756)/(-19)?
2, 283
Let n(u) = 14*u**2 + 2*u + 1. Let d be n(-1). Let q = d + 53. Suppose i - 140 = -5*l, -4*l - q = -7*l + 3*i. What are the prime factors of l?
3
Let y be (2 + (-4)/2)*1/2. Suppose 0 = -m - 4*t - 27 + 126, 5*m - 5*t - 395 = y. List the prime factors of m.
83
Suppose 4*f - 18 - 10 = 0. Let g(p) = 48*p**2 + 4 - 10 + f - p. List the prime factors of g(1).
2, 3
Suppose -4*l = 3*a - 10, 0*a + 4*a + 5*l = 13. List the prime factors of 2*29 - 0/(-2 - a).
2, 29
Suppose u + 71 = 535. What are the prime factors of u?
2, 29
Let s be (-9)/(((-9)/12)/3). Suppose 0 = -5*t - l + 5861 - 1134, -5*t = 3*l - 4731. List the prime factors of t/s + (-1)/4.
2, 13
Let x(o) = 9*o**2 + o**3 - 947 + 944 - 8*o**2 + o. Let k = -2 + 5. What are the prime factors of x(k)?
2, 3
Let t = 10 - 6. Let p be 0/(1 - t - -1). Suppose p = 2*q - 14 + 8. List the prime factors of q.
3
Suppose 3*y = 1348 + 629. List the prime factors of y.
659
Let k(j) = 2*j - 8. Let r be k(7). Let o = 11 - r. Suppose 5*x - o*y = 35, 9*x - 4*x = 3*y + 45. List the prime factors of x.
2, 3
Let v = 143 + -140. Let k(d) = d - 1. Let u(o) = 7*o**2 + 3*o - 7. Let s(z) = -5*k(z) + u(z). List the prime factors of s(v).
5, 11
Let r(z) = -z - 2. Let f(m) = m + 3. Let t(y) = 2*f(y) + 5*r(y). Let w be t(-3). Suppose -5*p + 10 = 0, w*p + 17 - 43 = -j. What are the prime factors of j?
2
Let z(w) = 248*w + 385. What are the prime factors of z(7)?
3, 7, 101
Suppose 0 = 6193*w - 6192*w - 399. What are the prime factors of w?
3, 7, 19
Suppose 0 = 5*p + o - 3483, -7*p = -6*p + 5*o - 687. What are the prime factors of p?
17, 41
Let l be ((-8)/4)/((-4)/(-110)). Let n be 3/(-2 + l/(-26)). Suppose n = -t + 2*t. What are the prime factors of t?
2, 13
Let f = -37 + 152. List the prime factors of f.
5, 23
Let h(j) = 55*j**3 - 7*j**2 - 3*j - 6. Let x(k) = -54*k**3 + 6*k**2 + 2*k + 5. Let a(w) = -4*h(w) - 5*x(w). What are the prime factors of a(1)?
7
What are the prime factors of 5*3620/150*12?
2, 181
Suppose 0*r = 3*r. Suppose m = 5*t + 2 - 4, 2*m - 2*t - 4 = r. Suppose -55 + 16 = -m*v. List the prime factors of v.
13
Let w be (-7)/(-1) + 3/(-1). Suppose -v = 2*r + w, r = -0*r - 3*v - 7. Let z(q) = 33*q**2 + q. What are the prime factors of z(r)?
2
Let w = -818 - -1173. List the pr